= 2*d. Calculate the remainder when (-114)/4*7/d*-12 is divided by 20.
17
Suppose 0 = -8*j + j - 896. Let t = j - -131. Suppose 108 = f - 2*v - 28, -t*f + v = -413. What is the remainder when f is divided by 48?
42
What is the remainder when (2 - 23/((-161)/(-70))) + 2303 is divided by 16?
7
Suppose 0 = -2*l - 11*r + 9*r + 9780, -24462 = -5*l + r. Suppose -4*j - 21*f + 17*f = -l, -j - 4*f = -1211. What is the remainder when j is divided by 30?
27
Suppose 30*w - 1417 = 1673. What is the remainder when 1670 is divided by w?
22
Suppose 0 = o - 3*o - t + 32, 3*o = 3*t + 48. Suppose 0 = -4*h + o, -9 = 4*n - 4*h - 29. Let v(m) = m + 17. What is the remainder when v(n) is divided by 16?
10
Let i(q) = 2*q**3 - 5*q**2 - 49*q + 57. Calculate the remainder when i(10) is divided by 223.
175
Suppose 2*q + 9*q - 99 = 0. Suppose 5*a = c - 6*c + 80, 0 = -2*a + c + 29. Calculate the remainder when a is divided by q.
6
Suppose 1309*z - 1360 = 648*z + 656*z. Calculate the remainder when z is divided by 55.
52
Let k be (-3 - 2) + 2325/(-15). Calculate the remainder when 218 is divided by -3 - k/6*6/4.
33
Let a(j) = -j**2 + 33*j + 12. Let b be a(-14). Let x = b + 825. Calculate the remainder when x is divided by 29.
5
Suppose 28*g = -3944 + 40764. What is the remainder when g is divided by 77?
6
Let n = 8355 - 8298. What is the remainder when 412 is divided by n?
13
Let u = 21570 + -21488. Calculate the remainder when 830 is divided by u.
10
Suppose -3869 = -5*o - 4*o - 350. What is the remainder when o is divided by 183?
25
Let m(j) = -j**2 - 47*j + 1215. Suppose -3*f + 42 = -2*f. Calculate the remainder when m(16) is divided by f.
39
Let a(p) = -377*p + 3703. Calculate the remainder when a(9) is divided by 74.
14
Let y(w) = 7*w - 163 - 3*w**3 + 170 + 0*w - 7*w**2 + 5*w**3. Calculate the remainder when 37 is divided by y(3).
18
Suppose 0 = -2*q + 1135*g - 1139*g + 156, 2*g = -2*q + 144. Calculate the remainder when 1047 is divided by q.
57
Let p be (3 - 2)*(-13 + 24). Calculate the remainder when 16 is divided by (1 - 1 - 1)/((-1)/p).
5
Suppose -3*o + 78 = 4*w, 4*o - w = -3*w + 114. Let m = -542 + 408. Let b = -48 - m. Calculate the remainder when b is divided by o.
26
Let c be 2*(-3)/(-6)*2. Let h = -81 - -128. Calculate the remainder when h is divided by 468/13*((-4)/(-6))/c.
11
Suppose 0 = 2*h + 5*f - 126, -13*h - 4*f = -12*h - 57. Suppose -5*v + 3*n + 18 = -82, 2*n + 40 = 2*v. Calculate the remainder when h is divided by v.
13
Suppose i - 3 = 0, -3*o - 2*i + 22 + 5 = 0. Let l(g) = g**2 - 5*g + 8. What is the remainder when l(8) is divided by o?
4
Suppose 0 = 3*v - 9*v + 3312. Suppose -v*j + 52 = -548*j. What is the remainder when j is divided by 13?
0
Let b = 25 - 9. Let f(g) = -g**3 + 2*g**2 + 2*g + 6. Let i be f(0). Suppose 0 = -i*k - 3 + 33. Calculate the remainder when b is divided by k.
1
Suppose 5*s = -3*a + 846, -15*s + 1093 = 4*a - 20*s. Calculate the remainder when a is divided by 42.
25
Let l be (275/(-220))/((-2)/8). Suppose -6*f - l*a + 45 = -4*f, -a = -5. What is the remainder when 42 is divided by f?
2
Suppose 0 = -0*f - f + 35. Let i = 41 - f. Calculate the remainder when 46 is divided by i*(60/(-9))/(-5).
6
Let i = -61 - -162. Suppose -i = 3*f - 353. Let x = f + -42. Calculate the remainder when 81 is divided by x.
39
Let l(w) be the third derivative of w**5/60 + w**4/24 - 2*w**3/3 - 7*w**2. Calculate the remainder when (3 - 44)/(1 + -2) is divided by l(-5).
9
Calculate the remainder when 1469 is divided by (-3)/(15/55) + 50.
26
Let g(w) = 60*w - 8. Let d = 171 + -158. Calculate the remainder when g(4) is divided by d.
11
Suppose -3*a - 3 = y + 13, -5*a - 32 = 3*y. Let w(x) = -4*x - 127. Calculate the remainder when 60/(-2)*y/8 is divided by w(-34).
6
Let p be 4575/(-12) - (-3)/(-4). Let r be 6/(-27) - p/18. Suppose -20*w - 14 = -r*w. Calculate the remainder when 39 is divided by w.
11
Suppose 19*c + 12*c - 4712 = 0. What is the remainder when (294/(-4))/((-114)/c) is divided by 26?
20
Let w = -113 - -116. Suppose -2*d + w*a = -25, 3*d + a = -3 + 13. Suppose 6*s = 2*s + 68. What is the remainder when s is divided by d?
2
Let l(k) = -261*k + 4480. What is the remainder when 1520 is divided by l(17)?
15
Let z(s) = s**3 - 8*s**2 + 12*s - 20. Let v = 494 - 135. Calculate the remainder when v is divided by z(7).
14
Let c(f) = 28*f**2 - 75*f - 569. Calculate the remainder when c(-8) is divided by 22.
19
Let r(f) = f**3 + 4*f**2 - 6*f - 2. Let t be r(-5). Suppose -2*s = t*s - 585. Calculate the remainder when s is divided by (-9)/5 + 12/30 - (-2070)/50.
37
Let f(n) = -3*n**2 - 17*n - 6. Let x be f(-4). Suppose 0 = 20*a - x*a - 246. Let c = a - 37. What is the remainder when c is divided by 3?
1
Let m(z) = 811*z + 1651. What is the remainder when 365 is divided by m(-2)?
17
Let p = 32387 - 32369. Calculate the remainder when ((-3)/(-6))/(1/248) is divided by p.
16
Suppose 1015*l - 2049*l + 294 = -1020*l. Let j(q) = -q**3 + 7*q**2 - 4*q - 6. Calculate the remainder when l is divided by j(6).
3
Let f = 44 + -52. Let g be (-1)/(9/2) + f/(-36). Calculate the remainder when 18 is divided by g + 24/5 - 23/(-115).
3
Let q(z) = 9*z - 72 + 14*z + 13*z - 52*z + 21*z. Let g = -5 - -20. What is the remainder when 7 is divided by q(g)?
1
Let g(j) = 20*j**2 + 2*j - 8. Let b be g(-4). Let a = b + -134. Calculate the remainder when a is divided by 57.
56
Let g(h) = 67*h + 973. Calculate the remainder when g(-11) is divided by 37.
14
Calculate the remainder when 409 is divided by (-748)/6*(-108 - -105).
35
Let y(f) = -827*f - 3886. What is the remainder when y(-51) is divided by 12?
11
Suppose 67 = -2*m - 2*m + 5*m. What is the remainder when m is divided by 57?
10
Calculate the remainder when 211 is divided by (-6 - (-4 - (65 - (6 + 0)))) + 2.
34
Suppose 11*w = 14*w - 3*r - 3003, 3*w + 3*r = 3021. Calculate the remainder when w is divided by 264.
212
Let t = -4721 + 4831. What is the remainder when 1221 is divided by t?
11
Let r(g) = 20*g**2 - 73*g + 1306. Calculate the remainder when r(19) is divided by 85.
84
Let a be 63000/198 - 4/22. Let v = a - 282. What is the remainder when 130 is divided by v?
22
Let k be 1*7 - (-102 - -49). Suppose k = 3*t - 4*u - 44, 2*u - 182 = -5*t. What is the remainder when 142 is divided by t?
34
Let i = 11493 + -11341. What is the remainder when 366 is divided by i?
62
Let y(n) be the third derivative of n**4/8 - 5*n**3/6 - n**2. Suppose -3*r = 3*k - 3, 2*r + 11 = 4*k - 23. What is the remainder when y(5) is divided by k?
4
Let f = 2883 - 2557. What is the remainder when f is divided by 108?
2
Let z(o) = -o**3 + 40*o**2 + 129*o + 30. Suppose -5*x + 66 = v, -3*x = 5*v - 297 - 121. What is the remainder when v is divided by z(43)?
26
Let a = 597 + -469. Suppose -13 = 3*y - 4*y - 4*w, -4*y + a = -3*w. What is the remainder when 115 is divided by y?
28
Suppose 0 = -144*r + 8115 + 93. Calculate the remainder when 223 is divided by r.
52
Suppose -u - 61 = -4*g, 3*g - 60*u = -58*u + 52. What is the remainder when g is divided by 4?
2
Let d = 101 + -94. Let i(p) = 3*p + 24. Calculate the remainder when i(d) is divided by 34.
11
Suppose 3 = -3*v, -4*d + 2*v = -d + 133. Let u = -1004 - -954. Let c = d - u. What is the remainder when 24 is divided by c?
4
Let x = 3402 + -3340. Calculate the remainder when x is divided by 22.
18
Let b = -3306 - -3726. Calculate the remainder when b is divided by 40.
20
Suppose d = 3*b, -2*d - 60 = -6*d - 3*b. Let x(u) = -165*u**2 - 4*u + 1. Let l be x(1). Calculate the remainder when d is divided by (l/4)/(-7) + 2.
4
Let b be ((3/3)/3)/(4/108). Suppose -5*x + 16 = -b*x. What is the remainder when 10/x*7/21*-6 is divided by 3?
2
Let x = -82 - -84. Suppose 5 = -x*m + 95. Suppose 17 - m = -y. Calculate the remainder when y is divided by 15.
13
Suppose -201 = -5*c + 3*l + l, -2*c + 3*l = -79. What is the remainder when 287 is divided by c?
0
Let w = 7052 + -7042. What is the remainder when 898 is divided by w?
8
Let w = 189 - 128. Let q = -304 - -239. Calculate the remainder when w is divided by q/(-2) - 25/50.
29
Let g(l) be the second derivative of 53*l**3/6 - 7*l**2/2 - 41*l. Let m = -15 + 27. Calculate the remainder when g(1) is divided by m.
10
Suppose -9*l + 1118 = 4*l. Let y(k) = 16*k - 17. Let s be y(-3)